{"id":22,"date":"2018-03-04T15:06:54","date_gmt":"2018-03-04T15:06:54","guid":{"rendered":"https:\/\/heracleea.ro\/?page_id=22"},"modified":"2019-04-16T10:29:47","modified_gmt":"2019-04-16T10:29:47","slug":"intro","status":"publish","type":"page","link":"https:\/\/heracleea.ro\/","title":{"rendered":"Bine a\u021bi venit!"},"content":{"rendered":"<p>Pensiunea Heracleea este construit\u0103 \u00een stil rustic, cu materiale ecologice \u015fi cu finisaje interioare moderne.<\/p>\n<p>Este situat\u0103 \u00eentr-o zon\u0103 lini\u015ftit\u0103 a comunei Jurilovca, pe drumul ce duce la Cetatea Argamum (Capul Dolo\u015fman) \u015fi are vedere spre Lacul Razim \u015fi Gura Porti\u0163ei.<\/p>\n<p>Pe l\u00e2ng\u0103 locurile de cazare, pensiunea este dotat\u0103 cu buc\u0103t\u0103rie utilat\u0103 \u015fi sal\u0103 de mese. Este un loc perfect de petrecere a unui concediu, \u00eentruc\u00e2t turi\u015ftii au posibilitatea de a pescui, dar \u015fi de a face plaj\u0103 \u015fi baie \u00een mare.<\/p>\n<p style=\"text-align: center;\"><strong>Prezentare video pensiunea Heracleea<\/strong><\/p>\n<div class=\"jetpack-video-wrapper\"><span class=\"embed-youtube\" style=\"text-align:center; display: block;\"><iframe loading=\"lazy\" class=\"youtube-player\" width=\"640\" height=\"360\" src=\"https:\/\/www.youtube.com\/embed\/vPGPOvH-C8M?version=3&#038;rel=1&#038;showsearch=0&#038;showinfo=1&#038;iv_load_policy=1&#038;fs=1&#038;hl=en-US&#038;autohide=2&#038;wmode=transparent\" allowfullscreen=\"true\" style=\"border:0;\" sandbox=\"allow-scripts allow-same-origin allow-popups allow-presentation\"><\/iframe><\/span><\/div>\n<p style=\"text-align: center;\"><strong>Atrac\u021bii turistice &#8211; Cetatea Argamum<\/strong><\/p>\n<div class=\"jetpack-video-wrapper\"><span class=\"embed-youtube\" style=\"text-align:center; display: block;\"><iframe loading=\"lazy\" class=\"youtube-player\" width=\"640\" height=\"360\" src=\"https:\/\/www.youtube.com\/embed\/EbjgKBUns9A?version=3&#038;rel=1&#038;showsearch=0&#038;showinfo=1&#038;iv_load_policy=1&#038;fs=1&#038;hl=en-US&#038;autohide=2&#038;wmode=transparent\" allowfullscreen=\"true\" style=\"border:0;\" sandbox=\"allow-scripts allow-same-origin allow-popups allow-presentation\"><\/iframe><\/span><\/div>\n<p style=\"text-align: center;\"><strong>Interviu la Heracleea<\/strong><\/p>\n<div class=\"jetpack-video-wrapper\"><span class=\"embed-youtube\" style=\"text-align:center; display: block;\"><iframe loading=\"lazy\" class=\"youtube-player\" width=\"640\" height=\"360\" src=\"https:\/\/www.youtube.com\/embed\/OPpXyVvEyhY?version=3&#038;rel=1&#038;showsearch=0&#038;showinfo=1&#038;iv_load_policy=1&#038;fs=1&#038;hl=en-US&#038;autohide=2&#038;wmode=transparent\" allowfullscreen=\"true\" style=\"border:0;\" sandbox=\"allow-scripts allow-same-origin allow-popups allow-presentation\"><\/iframe><\/span><\/div>\n","protected":false},"excerpt":{"rendered":"<p>Pensiunea Heracleea este construit\u0103 \u00een stil rustic, cu materiale ecologice \u015fi cu finisaje interioare moderne. Este situat\u0103 \u00eentr-o zon\u0103 lini\u015ftit\u0103 a comunei Jurilovca, pe drumul ce duce la Cetatea Argamum (Capul Dolo\u015fman) \u015fi are vedere spre Lacul Razim \u015fi Gura Porti\u0163ei. Pe l\u00e2ng\u0103 locurile de cazare, pensiunea este dotat\u0103 cu buc\u0103t\u0103rie utilat\u0103 \u015fi sal\u0103 de [&hellip;]<\/p>\n","protected":false},"author":1,"featured_media":450,"parent":0,"menu_order":0,"comment_status":"closed","ping_status":"closed","template":"","meta":{"ngg_post_thumbnail":0,"jetpack_post_was_ever_published":false,"footnotes":""},"class_list":["post-22","page","type-page","status-publish","has-post-thumbnail","hentry"],"jetpack_sharing_enabled":true,"jetpack_shortlink":"https:\/\/wp.me\/P9Itbc-m","jetpack_likes_enabled":true,"jetpack-related-posts":[{"id":6,"url":"https:\/\/heracleea.ro\/?page_id=6","url_meta":{"origin":22,"position":0},"title":"Despre noi","date":"March 4, 2018","format":false,"excerpt":"\u00a0 Pensiunea Heracleea, situat\u0103 \u00eentr-o zon\u0103 lini\u015ftit\u0103 a comunei Jurilovca, este construit\u0103 \u00een stil rustic, cu materiale ecologice \u015fi finisaje interioare moderne. Turi\u015ftii no\u015ftri au la dispozi\u0163ie 40 de locuri de cazare repartizate astfel: un apartament, patru camere triple \u015fi 12 camere duble, toate dotate cu baie proprie. Exist\u0103 o\u2026","rel":"","context":"Similar post","img":{"alt_text":"","src":"https:\/\/i0.wp.com\/heracleea.ro\/wp-content\/uploads\/2018\/05\/featured4.jpg?fit=1200%2C600&ssl=1&resize=350%2C200","width":350,"height":200},"classes":[]},{"id":8,"url":"https:\/\/heracleea.ro\/?page_id=8","url_meta":{"origin":22,"position":1},"title":"Va asteptam!","date":"March 4, 2018","format":false,"excerpt":"Pensiunea Heracleea dispune de trei tipuri de camere pentru cazare pentru ca dumneavoastr\u0103 s\u0103 v\u0103 pute\u021bi alege ceea ce vi se potrive\u0219te. De asemenea, pentru grupurile aflate \u00een team-building avem o sal\u0103 de conferin\u0163e de 40 de locuri, dotat\u0103 cu proiector \u015fi internet wireless \u00een toat\u0103 pensiunea. \u00a0 Pentru rezerv\u0103ri:\u2026","rel":"","context":"Similar post","img":{"alt_text":"","src":"https:\/\/i0.wp.com\/heracleea.ro\/wp-content\/uploads\/2018\/05\/featured4.jpg?fit=1200%2C600&ssl=1&resize=350%2C200","width":350,"height":200},"classes":[]},{"id":406,"url":"https:\/\/heracleea.ro\/?page_id=406","url_meta":{"origin":22,"position":2},"title":"Blog","date":"May 10, 2018","format":false,"excerpt":"Bine a\u021bi venit pe blogul pensiunii Heracleea! Selecta\u021bi din mediul de mai sus categoria pe care dori\u021bi s\u0103 o vizita\u021bi.","rel":"","context":"Similar post","img":{"alt_text":"","src":"https:\/\/i0.wp.com\/heracleea.ro\/wp-content\/uploads\/2018\/05\/featured4.jpg?fit=1200%2C600&ssl=1&resize=350%2C200","width":350,"height":200},"classes":[]},{"id":9,"url":"https:\/\/heracleea.ro\/?page_id=9","url_meta":{"origin":22,"position":3},"title":"Contact","date":"March 4, 2018","format":false,"excerpt":"Vrei s\u0103 ne vizitezi sau ai nevoie de mai multe detalii? \ud83d\udcf1 0769 059 444 \ud83d\udcf1 0788 373 933 \ud83c\udfe0 Strada Heracleea nr. 1,\u00a0Jurilovca Acceseaz\u0103 harta loca\u021biei pe Google Maps!","rel":"","context":"Similar post","img":{"alt_text":"","src":"https:\/\/i0.wp.com\/heracleea.ro\/wp-content\/uploads\/2018\/05\/featured4.jpg?fit=1200%2C600&ssl=1&resize=350%2C200","width":350,"height":200},"classes":[]},{"id":157,"url":"https:\/\/heracleea.ro\/?page_id=157","url_meta":{"origin":22,"position":4},"title":"Poze ansamblu Heracleea","date":"March 26, 2018","format":false,"excerpt":"","rel":"","context":"Similar post","img":{"alt_text":"","src":"","width":0,"height":0},"classes":[]},{"id":7,"url":"https:\/\/heracleea.ro\/?page_id=7","url_meta":{"origin":22,"position":5},"title":"Galerie foto","date":"March 4, 2018","format":false,"excerpt":"\u00a0 \u00a0","rel":"","context":"Similar post","img":{"alt_text":"","src":"https:\/\/i0.wp.com\/heracleea.ro\/wp-content\/uploads\/2018\/05\/featured4.jpg?fit=1200%2C600&ssl=1&resize=350%2C200","width":350,"height":200},"classes":[]}],"_links":{"self":[{"href":"https:\/\/heracleea.ro\/index.php?rest_route=\/wp\/v2\/pages\/22","targetHints":{"allow":["GET"]}}],"collection":[{"href":"https:\/\/heracleea.ro\/index.php?rest_route=\/wp\/v2\/pages"}],"about":[{"href":"https:\/\/heracleea.ro\/index.php?rest_route=\/wp\/v2\/types\/page"}],"author":[{"embeddable":true,"href":"https:\/\/heracleea.ro\/index.php?rest_route=\/wp\/v2\/users\/1"}],"replies":[{"embeddable":true,"href":"https:\/\/heracleea.ro\/index.php?rest_route=%2Fwp%2Fv2%2Fcomments&post=22"}],"version-history":[{"count":20,"href":"https:\/\/heracleea.ro\/index.php?rest_route=\/wp\/v2\/pages\/22\/revisions"}],"predecessor-version":[{"id":465,"href":"https:\/\/heracleea.ro\/index.php?rest_route=\/wp\/v2\/pages\/22\/revisions\/465"}],"wp:featuredmedia":[{"embeddable":true,"href":"https:\/\/heracleea.ro\/index.php?rest_route=\/wp\/v2\/media\/450"}],"wp:attachment":[{"href":"https:\/\/heracleea.ro\/index.php?rest_route=%2Fwp%2Fv2%2Fmedia&parent=22"}],"curies":[{"name":"wp","href":"https:\/\/api.w.org\/{rel}","templated":true}]}}