{"id":406,"date":"2018-05-10T19:15:08","date_gmt":"2018-05-10T19:15:08","guid":{"rendered":"https:\/\/heracleea.ro\/?page_id=406"},"modified":"2018-05-21T18:54:15","modified_gmt":"2018-05-21T18:54:15","slug":"blog","status":"publish","type":"page","link":"https:\/\/heracleea.ro\/?page_id=406","title":{"rendered":"Blog"},"content":{"rendered":"<p>Bine a\u021bi venit pe blogul pensiunii Heracleea! Selecta\u021bi din mediul de mai sus categoria pe care dori\u021bi s\u0103 o vizita\u021bi.<\/p>\n","protected":false},"excerpt":{"rendered":"<p>Bine a\u021bi venit pe blogul pensiunii Heracleea! Selecta\u021bi din mediul de mai sus categoria pe care dori\u021bi s\u0103 o vizita\u021bi.<\/p>\n","protected":false},"author":1,"featured_media":450,"parent":0,"menu_order":0,"comment_status":"closed","ping_status":"closed","template":"","meta":{"ngg_post_thumbnail":0,"jetpack_post_was_ever_published":false,"footnotes":""},"class_list":["post-406","page","type-page","status-publish","has-post-thumbnail","hentry"],"jetpack_sharing_enabled":true,"jetpack_shortlink":"https:\/\/wp.me\/P9Itbc-6y","jetpack_likes_enabled":true,"jetpack-related-posts":[{"id":22,"url":"https:\/\/heracleea.ro\/","url_meta":{"origin":406,"position":0},"title":"Bine a\u021bi venit!","date":"March 4, 2018","format":false,"excerpt":"Pensiunea Heracleea este construit\u0103 \u00een stil rustic, cu materiale ecologice \u015fi cu finisaje interioare moderne. Este situat\u0103 \u00eentr-o zon\u0103 lini\u015ftit\u0103 a comunei Jurilovca, pe drumul ce duce la Cetatea Argamum (Capul Dolo\u015fman) \u015fi are vedere spre Lacul Razim \u015fi Gura Porti\u0163ei. Pe l\u00e2ng\u0103 locurile de cazare, pensiunea este dotat\u0103 cu\u2026","rel":"","context":"Similar post","img":{"alt_text":"","src":"https:\/\/i0.wp.com\/heracleea.ro\/wp-content\/uploads\/2018\/05\/featured4.jpg?fit=1200%2C600&ssl=1&resize=350%2C200","width":350,"height":200},"classes":[]},{"id":6,"url":"https:\/\/heracleea.ro\/?page_id=6","url_meta":{"origin":406,"position":1},"title":"Despre noi","date":"March 4, 2018","format":false,"excerpt":"\u00a0 Pensiunea Heracleea, situat\u0103 \u00eentr-o zon\u0103 lini\u015ftit\u0103 a comunei Jurilovca, este construit\u0103 \u00een stil rustic, cu materiale ecologice \u015fi finisaje interioare moderne. Turi\u015ftii no\u015ftri au la dispozi\u0163ie 40 de locuri de cazare repartizate astfel: un apartament, patru camere triple \u015fi 12 camere duble, toate dotate cu baie proprie. Exist\u0103 o\u2026","rel":"","context":"Similar post","img":{"alt_text":"","src":"https:\/\/i0.wp.com\/heracleea.ro\/wp-content\/uploads\/2018\/05\/featured4.jpg?fit=1200%2C600&ssl=1&resize=350%2C200","width":350,"height":200},"classes":[]},{"id":9,"url":"https:\/\/heracleea.ro\/?page_id=9","url_meta":{"origin":406,"position":2},"title":"Contact","date":"March 4, 2018","format":false,"excerpt":"Vrei s\u0103 ne vizitezi sau ai nevoie de mai multe detalii? \ud83d\udcf1 0769 059 444 \ud83d\udcf1 0788 373 933 \ud83c\udfe0 Strada Heracleea nr. 1,\u00a0Jurilovca Acceseaz\u0103 harta loca\u021biei pe Google Maps!","rel":"","context":"Similar post","img":{"alt_text":"","src":"https:\/\/i0.wp.com\/heracleea.ro\/wp-content\/uploads\/2018\/05\/featured4.jpg?fit=1200%2C600&ssl=1&resize=350%2C200","width":350,"height":200},"classes":[]},{"id":8,"url":"https:\/\/heracleea.ro\/?page_id=8","url_meta":{"origin":406,"position":3},"title":"Va asteptam!","date":"March 4, 2018","format":false,"excerpt":"Pensiunea Heracleea dispune de trei tipuri de camere pentru cazare pentru ca dumneavoastr\u0103 s\u0103 v\u0103 pute\u021bi alege ceea ce vi se potrive\u0219te. De asemenea, pentru grupurile aflate \u00een team-building avem o sal\u0103 de conferin\u0163e de 40 de locuri, dotat\u0103 cu proiector \u015fi internet wireless \u00een toat\u0103 pensiunea. \u00a0 Pentru rezerv\u0103ri:\u2026","rel":"","context":"Similar post","img":{"alt_text":"","src":"https:\/\/i0.wp.com\/heracleea.ro\/wp-content\/uploads\/2018\/05\/featured4.jpg?fit=1200%2C600&ssl=1&resize=350%2C200","width":350,"height":200},"classes":[]},{"id":157,"url":"https:\/\/heracleea.ro\/?page_id=157","url_meta":{"origin":406,"position":4},"title":"Poze ansamblu Heracleea","date":"March 26, 2018","format":false,"excerpt":"","rel":"","context":"Similar post","img":{"alt_text":"","src":"","width":0,"height":0},"classes":[]},{"id":2,"url":"https:\/\/heracleea.ro\/?page_id=2","url_meta":{"origin":406,"position":5},"title":"Sample Page","date":"February 28, 2018","format":false,"excerpt":"This is an example page. It's different from a blog post because it will stay in one place and will show up in your site navigation (in most themes). Most people start with an About page that introduces them to potential site visitors. It might say something like this: Hi\u2026","rel":"","context":"Similar post","img":{"alt_text":"","src":"","width":0,"height":0},"classes":[]}],"_links":{"self":[{"href":"https:\/\/heracleea.ro\/index.php?rest_route=\/wp\/v2\/pages\/406","targetHints":{"allow":["GET"]}}],"collection":[{"href":"https:\/\/heracleea.ro\/index.php?rest_route=\/wp\/v2\/pages"}],"about":[{"href":"https:\/\/heracleea.ro\/index.php?rest_route=\/wp\/v2\/types\/page"}],"author":[{"embeddable":true,"href":"https:\/\/heracleea.ro\/index.php?rest_route=\/wp\/v2\/users\/1"}],"replies":[{"embeddable":true,"href":"https:\/\/heracleea.ro\/index.php?rest_route=%2Fwp%2Fv2%2Fcomments&post=406"}],"version-history":[{"count":2,"href":"https:\/\/heracleea.ro\/index.php?rest_route=\/wp\/v2\/pages\/406\/revisions"}],"predecessor-version":[{"id":455,"href":"https:\/\/heracleea.ro\/index.php?rest_route=\/wp\/v2\/pages\/406\/revisions\/455"}],"wp:featuredmedia":[{"embeddable":true,"href":"https:\/\/heracleea.ro\/index.php?rest_route=\/wp\/v2\/media\/450"}],"wp:attachment":[{"href":"https:\/\/heracleea.ro\/index.php?rest_route=%2Fwp%2Fv2%2Fmedia&parent=406"}],"curies":[{"name":"wp","href":"https:\/\/api.w.org\/{rel}","templated":true}]}}