{"id":9,"date":"2018-03-04T14:54:05","date_gmt":"2018-03-04T14:54:05","guid":{"rendered":"https:\/\/heracleea.ro\/?page_id=9"},"modified":"2020-08-10T07:18:27","modified_gmt":"2020-08-10T07:18:27","slug":"contact","status":"publish","type":"page","link":"https:\/\/heracleea.ro\/?page_id=9","title":{"rendered":"Contact"},"content":{"rendered":"<p style=\"text-align: center;\"><strong>Vrei s\u0103 ne vizitezi sau ai nevoie de mai multe detalii?<\/strong><\/p>\n<p style=\"text-align: center;\">\ud83d\udcf1 0769 059 444<\/p>\n<p style=\"text-align: center;\">\ud83d\udcf1 0788 373 933<\/p>\n<p style=\"text-align: center;\">\ud83c\udfe0 <span class=\"_2iem\">Strada Heracleea nr. 1,&nbsp;<\/span><span class=\"_2iem\">Jurilovca<\/span><\/p>\n<p style=\"text-align: center;\"><strong>Acceseaz\u0103 harta loca\u021biei pe Google Maps!<\/strong><\/p>\n<p style=\"text-align: center;\"><iframe loading=\"lazy\" style=\"border: 0;\" src=\"https:\/\/www.google.com\/maps\/embed?pb=!1m18!1m12!1m3!1d2832.9293296569895!2d28.881339315955366!3d44.76185597909899!2m3!1f0!2f0!3f0!3m2!1i1024!2i768!4f13.1!3m3!1m2!1s0x40ba175ff32dc751%3A0xa6b5d96a82b06a85!2sPensiunea+Heracleea!5e0!3m2!1sro!2sro!4v1521290253590\" width=\"600\" height=\"450\" frameborder=\"0\" allowfullscreen=\"allowfullscreen\"><\/iframe><\/p>\n","protected":false},"excerpt":{"rendered":"<p>Vrei s\u0103 ne vizitezi sau ai nevoie de mai multe detalii? \ud83d\udcf1 0769 059 444 \ud83d\udcf1 0788 373 933 \ud83c\udfe0 Strada Heracleea nr. 1,&nbsp;Jurilovca Acceseaz\u0103 harta loca\u021biei pe Google Maps!<\/p>\n","protected":false},"author":1,"featured_media":450,"parent":0,"menu_order":0,"comment_status":"closed","ping_status":"closed","template":"","meta":{"ngg_post_thumbnail":0,"jetpack_post_was_ever_published":false,"footnotes":""},"class_list":["post-9","page","type-page","status-publish","has-post-thumbnail","hentry"],"jetpack_sharing_enabled":true,"jetpack_shortlink":"https:\/\/wp.me\/P9Itbc-9","jetpack_likes_enabled":true,"jetpack-related-posts":[{"id":8,"url":"https:\/\/heracleea.ro\/?page_id=8","url_meta":{"origin":9,"position":0},"title":"Va asteptam!","date":"March 4, 2018","format":false,"excerpt":"Pensiunea Heracleea dispune de trei tipuri de camere pentru cazare pentru ca dumneavoastr\u0103 s\u0103 v\u0103 pute\u021bi alege ceea ce vi se potrive\u0219te. De asemenea, pentru grupurile aflate \u00een team-building avem o sal\u0103 de conferin\u0163e de 40 de locuri, dotat\u0103 cu proiector \u015fi internet wireless \u00een toat\u0103 pensiunea. \u00a0 Pentru rezerv\u0103ri:\u2026","rel":"","context":"Similar post","img":{"alt_text":"","src":"https:\/\/i0.wp.com\/heracleea.ro\/wp-content\/uploads\/2018\/05\/featured4.jpg?fit=1200%2C600&ssl=1&resize=350%2C200","width":350,"height":200},"classes":[]}],"_links":{"self":[{"href":"https:\/\/heracleea.ro\/index.php?rest_route=\/wp\/v2\/pages\/9","targetHints":{"allow":["GET"]}}],"collection":[{"href":"https:\/\/heracleea.ro\/index.php?rest_route=\/wp\/v2\/pages"}],"about":[{"href":"https:\/\/heracleea.ro\/index.php?rest_route=\/wp\/v2\/types\/page"}],"author":[{"embeddable":true,"href":"https:\/\/heracleea.ro\/index.php?rest_route=\/wp\/v2\/users\/1"}],"replies":[{"embeddable":true,"href":"https:\/\/heracleea.ro\/index.php?rest_route=%2Fwp%2Fv2%2Fcomments&post=9"}],"version-history":[{"count":10,"href":"https:\/\/heracleea.ro\/index.php?rest_route=\/wp\/v2\/pages\/9\/revisions"}],"predecessor-version":[{"id":483,"href":"https:\/\/heracleea.ro\/index.php?rest_route=\/wp\/v2\/pages\/9\/revisions\/483"}],"wp:featuredmedia":[{"embeddable":true,"href":"https:\/\/heracleea.ro\/index.php?rest_route=\/wp\/v2\/media\/450"}],"wp:attachment":[{"href":"https:\/\/heracleea.ro\/index.php?rest_route=%2Fwp%2Fv2%2Fmedia&parent=9"}],"curies":[{"name":"wp","href":"https:\/\/api.w.org\/{rel}","templated":true}]}}